ime factors of 762468?
2, 3, 7, 29, 313
What are the prime factors of 262305?
3, 5, 29, 67
List the prime factors of 222018.
2, 3, 37003
List the prime factors of 34557119.
34557119
List the prime factors of 7092739.
109, 65071
What are the prime factors of 934960?
2, 5, 13, 29, 31
List the prime factors of 704151.
3, 7, 11177
List the prime factors of 10995745.
5, 43, 199, 257
What are the prime factors of 90748?
2, 7, 463
What are the prime factors of 329516?
2, 11, 7489
List the prime factors of 333084.
2, 3, 41, 677
List the prime factors of 312119.
107, 2917
What are the prime factors of 14617201?
14617201
List the prime factors of 50295.
3, 5, 7, 479
What are the prime factors of 607248?
2, 3, 4217
List the prime factors of 38473198.
2, 29, 663331
What are the prime factors of 5139957?
3, 1713319
List the prime factors of 18057890.
2, 5, 1805789
What are the prime factors of 552337?
643, 859
What are the prime factors of 1034464?
2, 32327
List the prime factors of 833240.
2, 5, 37, 563
List the prime factors of 18761.
73, 257
What are the prime factors of 2743258?
2, 7, 19, 10313
List the prime factors of 253916.
2, 13, 19, 257
List the prime factors of 2144817.
3, 238313
What are the prime factors of 24014?
2, 12007
What are the prime factors of 80701?
80701
What are the prime factors of 719907?
3, 317, 757
What are the prime factors of 3366066?
2, 3, 11, 51001
List the prime factors of 7720750.
2, 5, 89, 347
What are the prime factors of 3752258?
2, 1876129
List the prime factors of 6520586.
2, 3260293
List the prime factors of 15149677.
15149677
List the prime factors of 27057601.
139, 194659
List the prime factors of 97998.
2, 3, 16333
List the prime factors of 20618.
2, 13, 61
What are the prime factors of 6810685?
5, 7, 194591
List the prime factors of 3752025.
3, 5, 19, 2633
List the prime factors of 5171945.
5, 41, 25229
List the prime factors of 12230804.
2, 3057701
What are the prime factors of 8844076?
2, 2211019
List the prime factors of 1808748.
2, 3, 47, 1069
List the prime factors of 3105357.
3, 479, 2161
What are the prime factors of 7005516?
2, 3, 7, 83399
What are the prime factors of 33354?
2, 3, 17, 109
List the prime factors of 333618.
2, 3, 55603
What are the prime factors of 5755198?
2, 23, 125113
List the prime factors of 8855065.
5, 61, 29033
What are the prime factors of 5795544?
2, 3, 113, 2137
List the prime factors of 4756274.
2, 79, 30103
What are the prime factors of 280044?
2, 3, 2593
What are the prime factors of 483270?
2, 3, 5, 89, 181
List the prime factors of 623886.
2, 3, 103981
List the prime factors of 616354.
2, 23, 13399
What are the prime factors of 257669?
17, 23, 659
List the prime factors of 106047.
3, 11783
What are the prime factors of 70928?
2, 11, 13, 31
List the prime factors of 7456865.
5, 13, 89, 1289
What are the prime factors of 60506?
2, 30253
What are the prime factors of 537877?
537877
List the prime factors of 636195.
3, 5, 7, 73, 83
What are the prime factors of 212968?
2, 7, 3803
List the prime factors of 2484623.
2484623
List the prime factors of 7258380.
2, 3, 5, 19, 6367
List the prime factors of 437149.
437149
List the prime factors of 6303918.
2, 3, 137, 7669
List the prime factors of 8667731.
37, 317, 739
List the prime factors of 2827187.
11, 257017
What are the prime factors of 721978?
2, 360989
What are the prime factors of 23110534?
2, 113, 102259
What are the prime factors of 2544575?
5, 11, 19, 487
What are the prime factors of 5846369?
59, 197, 503
What are the prime factors of 84856?
2, 10607
What are the prime factors of 1229080?
2, 5, 30727
List the prime factors of 2053015.
5, 109, 3767
What are the prime factors of 635292?
2, 3, 7, 2521
List the prime factors of 395186.
2, 11, 23, 71
What are the prime factors of 9991669?
9991669
What are the prime factors of 11072076?
2, 3, 347, 2659
What are the prime factors of 242523?
3, 26947
List the prime factors of 736349.
47, 15667
What are the prime factors of 161033?
161033
List the prime factors of 26436190.
2, 5, 11, 17, 67, 211
What are the prime factors of 259224?
2, 3, 7, 1543
List the prime factors of 2046891.
3, 7, 11, 8861
List the prime factors of 33148546.
2, 16574273
List the prime factors of 18587859.
3, 61, 101573
List the prime factors of 3216338.
2, 941, 1709
List the prime factors of 3394464.
2, 3, 19, 1861
List the prime factors of 315668.
2, 53, 1489
What are the prime factors of 3197278?
2, 7, 31, 53, 139
What are the prime factors of 321160?
2, 5, 7, 31, 37
What are the prime factors of 492978?
2, 3, 82163
List the prime factors of 8823467.
19, 23, 61, 331
List the prime factors of 46730.
2, 5, 4673
What are the prime factors of 7127806?
2, 7, 103, 4943
What are the prime factors of 33976?
2, 31, 137
What are the prime factors of 2204925?
3, 5, 29399
What are the prime factors of 79947?
3, 7, 47
List the prime factors of 2386873.
2386873
What are the prime factors of 164902?
2, 41, 2011
List the prime factors of 424333.
7, 13, 4663
What are the prime factors of 5292034?
2, 11, 41, 5867
What are the prime factors of 351259?
351259
List the prime factors of 344154.
2, 3, 41, 1399
What are the prime factors of 813100?
2, 5, 47, 173
List the prime factors of 750516.
2, 3, 13, 17, 283
What are the prime factors of 473378?
2, 37, 6397
What are the prime factors of 366892?
2, 37, 67
What are the prime factors of 153543?
3, 13, 31, 127
What are the prime factors of 2545098?
2, 3, 29, 14627
List the prime factors of 3554480.
2, 5, 157, 283
List the prime factors of 1263670.
2, 5, 107, 1181
List the prime factors of 414042.
2, 3, 151, 457
What are the prime factors of 10541868?
2, 3, 878489
What are the prime factors of 14882235?
3, 5, 643, 1543
List the prime factors of 390799.
89, 4391
List the prime factors of 11471763.
3, 19, 313, 643
What are the prime factors of 48101?
103, 467
List the prime factors of 2534067.
3, 281563
List the prime factors of 13557429.
3, 37, 41, 331
List the prime factors of 2259697.
11, 205427
What are the prime factors of 569114?
2, 7, 13, 53, 59
List the prime factors of 249322.
2, 17, 7333
What are the prime factors of 1923967?
107, 17981
List the prime factors of 841339.
19, 44281
What are the prime factors of 13314602?
2, 7, 461, 2063
What are the prime factors of 112358?
2, 56179
What are the prime factors of 9560733?
3, 7, 13, 5003
What are the prime factors of 461702?
2, 23, 10037
What are the prime factors of 87841?
13, 29, 233
What are the prime factors of 151920?
2, 3, 5, 211
List the prime factors of 28493357.
2083, 13679
List the prime factors of 668404.
2, 11, 1381
What are the prime factors of 74252?
2, 19, 977
List the prime factors of 1897056.
2, 3, 7, 941
What are the prime factors of 1525814?
2, 19, 40153
List the prime factors of 6306177.
3, 1429, 1471
What are the prime factors of 900630?
2, 3, 5, 10007
What are the prime factors of 1002978?
2, 3, 55721
What are the prime factors of 300511?
300511
What are the prime factors of 450547?
19, 23, 1031
List the prime factors of 3060848.
2, 7, 27329
What are the prime factors of 144617?
11, 13147
List the prime factors of 981899.
103, 9533
What are the prime factors of 4180846?
2, 31, 67433
What are the prime factors of 378194?
2, 263, 719
List the prime factors of 234932.
2, 58733
What are the prime factors of 165498?
2, 3, 27583
List the prime factors of 2561005.
5, 257, 1993
What are the prime factors of 3173042?
2, 1201, 1321
List the prime factors of 2979000.
2, 3, 5, 331
What are the prime factors of 1190112?
2, 3, 7, 11, 23
List the prime factors of 351331.
409, 859
What are the prime factors of 376695?
3, 5, 11, 761
List the prime factors of 937515.
3, 5, 62501
What are the prime factors of 112238?
2, 7, 8017
List the prime factors of 153003.
3, 51001
List the prime factors of 159420.
2, 3, 5, 2657
What are the prime factors of 5754358?
2, 2877179
What are the prime factors of 599891?
599891
What are the prime factors of 235513?
235513
List the prime factors of 37633.
37633
List the prime factors of 736280.
2, 5, 79, 233
List the prime factors of 4904922.
2, 3, 11, 74317
What are the prime factors of 198346?
2, 99173
List the prime factors of 25947403.
31, 97, 8629
List the prime factors of 6360989.